61, 83
Let p(r) = 478*r**3 + 4*r**2 - 21*r + 42. What are the prime factors of p(2)?
2, 3, 5
Suppose -138*c + 574240 = -41*c. List the prime factors of c.
2, 5, 37
Suppose c - 2*c + 3 = 3*y, c - 3*y = 9. Suppose -c*b = -0*b - 10962. What are the prime factors of b?
3, 7, 29
Let q be 7/(7/5) + -800. Let m = -254 - q. List the prime factors of m.
541
Let r be 32274/24 + (-6)/8. Let d = -819 + r. What are the prime factors of d?
3, 5, 7
Suppose 16270 + 1172 = 19*g. List the prime factors of g.
2, 3, 17
Suppose 10*x - 11*x + z + 16 = 0, 4*z = -5*x + 125. Suppose 0 = -10*a + x*a - 1617. What are the prime factors of a?
3, 7
What are the prime factors of -3 - (-6)/(24/11) - 134233/(-4)?
2, 3, 7, 17, 47
Let u(j) = -651*j + 9 + 314*j + 284*j + 13*j**2. What are the prime factors of u(7)?
5, 11
Suppose -2*q - 62*o + 66*o = -11736, -2*q - 2*o = -11724. List the prime factors of q.
2, 733
Let p(o) = -5582*o + 987. List the prime factors of p(-2).
29, 419
Let v = 22496 - -10906. Suppose -20*s - 18*s + v = 0. List the prime factors of s.
3, 293
Let a(p) = -4*p + 58. Suppose 5*r + 4*q = 818, -r + 2*q + 178 = -2*q. Suppose r = 11*v + 12. List the prime factors of a(v).
2
Let n(j) = 65*j**3 - 46*j**2 + 300*j - 46. List the prime factors of n(7).
3, 5, 491
List the prime factors of (-2 - 2568/(-18) - -8)*(-222)/(-4).
37, 223
Suppose 3*d = 5*x - 2*d - 49815, -2*x - 2*d = -19898. What are the prime factors of x?
2, 19, 131
Let x = -12540 + 21255. What are the prime factors of x?
3, 5, 7, 83
Let q be -3 - (-5 + 10 - 9). Suppose -3*b = -y - 1, -2*b + 2*y + q = 7. Suppose 5*a - 160 = r - 2*r, b*r - 330 = -5*a. List the prime factors of r.
2, 5, 17
Suppose 7*f + 21 = -0*f. What are the prime factors of (5 - 11 - f)*499/(-3)?
499
Let p = 42122 + -23238. List the prime factors of p.
2, 4721
Suppose -9*u + 79378 = 2167. List the prime factors of u.
23, 373
Suppose 4*h - 2*v = 105378, 5*h - 46123 = v + 85589. List the prime factors of h.
7, 53, 71
Let b(o) be the first derivative of o**5/60 + o**4/8 - 5*o**3/3 - 7*o**2/2 - 16. Let g(s) be the second derivative of b(s). What are the prime factors of g(-7)?
2, 3
Let u = -11367 + 15854. What are the prime factors of u?
7, 641
Let i be 4 + -8 + (-5)/(10/(-96)). Suppose -44 = 4*k + m - 5*m, 0 = -4*k + m - i. Let s(c) = -6*c + 66. What are the prime factors of s(k)?
2, 3, 11
Let s be 5/((-25)/10) + 4. Suppose s*r - 11 = -3*w, 0 = -3*w - 2 + 5. Suppose -7*n = -r*n - 432. List the prime factors of n.
2, 3
Suppose -111*l + 655931 = -7*l - 183349. List the prime factors of l.
2, 3, 5, 269
Let g(q) = 2*q - 25*q**2 - 22*q**2 + 0*q + 35*q**2. Let x be g(3). Let o = x + 181. What are the prime factors of o?
79
Suppose 7*x - 254 = 481. Let m = 221 - x. List the prime factors of m.
2, 29
Let q = -413 + 417. Suppose -5*s = -4*v - 2*s - 7, s - 1 = 2*v. Suppose q*b = v*b + 340. What are the prime factors of b?
2, 5, 17
Suppose 0 = -2*o - 3*j + 20, 0 = -8*j + 3*j + 20. Suppose -o*f + 1416 = 360. Let q = 508 - f. List the prime factors of q.
2, 61
Suppose 2*w + 21 = 25. Suppose 3 = 3*x, 2*s - 326 = -2*x - w*x. List the prime factors of s.
7, 23
Let h = -1121 + 1623. Suppose 3*y = 515 + h. List the prime factors of y.
3, 113
Suppose 90*k - 410766 - 2023464 = 0. What are the prime factors of k?
17, 37, 43
Suppose 5*m - 13814 = -1349. List the prime factors of m.
3, 277
Let u(g) = -g**2 + 6*g - 3. Let m be u(7). Let v(h) be the third derivative of h**5/60 + h**4/12 + 7*h**3/6 + h**2. What are the prime factors of v(m)?
3, 29
Suppose 75618 = 2*u + 2*o, -2487*o + 2483*o + 189040 = 5*u. What are the prime factors of u?
2, 13, 727
Let u be 2/(-3)*(1 + 2). Let v be (5 - 5) + -10 + u. What are the prime factors of (54/v)/(6/(-128))?
2, 3
Suppose 0 = 3*m + 6*m + 2835. Let u = 792 - m. Suppose -5*z + 762 = -4*v, 5*z + v - u = -360. List the prime factors of z.
2, 3, 5
Suppose -11*a + 4*a + 917 = 0. Suppose 0 = 16*m - 18*m + 68. Suppose f = -m + a. List the prime factors of f.
97
Suppose -11*a - 2*h + 31212 = -9*a, 4*h = 4. List the prime factors of a.
5, 3121
Let g(x) = -198*x - 581. What are the prime factors of g(-17)?
5, 557
List the prime factors of -22 + (-418)/(-22) - -26023.
2, 5, 1301
Let a = -1425 - -51067. List the prime factors of a.
2, 24821
Let c(o) = 73*o - 1416. List the prime factors of c(84).
2, 3, 131
Suppose 0*o + 2*o = 1386. Suppose 0 = 2*i + 5*p - o, -i - 2*i + 1057 = 4*p. What are the prime factors of i?
359
List the prime factors of (-19724)/(3 - (15 + -11)).
2, 4931
Suppose 0 = 66*i + 68*i - 8*i - 3461472. What are the prime factors of i?
2, 17, 101
Suppose -277*m + 295030 = -114*m. List the prime factors of m.
2, 5, 181
Let f(x) = 26*x**2 + 39*x - 89. List the prime factors of f(-19).
2, 3, 23, 31
Let r(u) = -u**2 + 4*u + 26. Let g be r(4). Suppose -28*z + 712 = -g*z. List the prime factors of z.
2, 89
Let x(d) = 1358*d - 933. List the prime factors of x(6).
3, 5, 13, 37
Let x(t) = -117*t**3 + 8*t**2 - 23*t - 25. List the prime factors of x(-6).
25673
Let q(x) = -3*x - 30. Let v be q(-4). List the prime factors of (-12)/v*-31*-24.
2, 31
Let u(r) = 9*r - 23 - 24*r + 2*r**2 - 15. Suppose 324 = 14*i + 100. What are the prime factors of u(i)?
2, 3, 13
Suppose -111*h - 1541 = -134*h. What are the prime factors of h?
67
Let k be ((-91)/21)/((-5)/2445 + 0). Suppose 28*p - 6543 = -k. What are the prime factors of p?
2, 79
Suppose -3*r = 4*a - 8*a - 215, 3*r = 2*a + 211. Let h = 1815 + -1881. Let z = r - h. What are the prime factors of z?
3, 5
Suppose -3*x - 5*v = -18, -3*x + 11 + 7 = 3*v. Let z(w) = 4*w - 2802 + 12*w + 7*w + 2798 - 9*w. List the prime factors of z(x).
2, 5
Let g(b) = -198*b + 9. Let z(o) = -o**3 - 2*o**2 + 3*o - 3. Let y be z(-3). Let a be g(y). Suppose 4*l = a - 47. What are the prime factors of l?
139
Let a(h) = 6068*h**3 + 0*h - 6067*h**3 + 18 - 4*h - 19*h**2. List the prime factors of a(20).
2, 13
Suppose 3*d - 3*v = 72, -d + 7 = -4*v - 14. Suppose -w + 5*c + 44 = -0*w, -w + 56 = c. Let o = w + d. List the prime factors of o.
79
Let d = 0 + -9. Let x = d + -28. Let v = -20 - x. List the prime factors of v.
17
Suppose v - 5076 = -5*c, -2*c + 4*v = 2*c - 4080. Suppose -c + 325 = -w. What are the prime factors of w?
691
Suppose z - 3*k + 16 = 0, 3*z + z = 2*k - 84. Let f = z + 22. Suppose r - 298 = -2*p, f = -3*p + 7*p + r - 600. What are the prime factors of p?
151
Let j = -384 - -1421. Let m = -590 + j. What are the prime factors of m?
3, 149
List the prime factors of 1432/4*(-2 - 230/(-5)).
2, 11, 179
Suppose 89*o - 2475210 + 390741 = 0. List the prime factors of o.
3, 37, 211
Suppose -16*p - 413 = -10717. List the prime factors of p.
2, 7, 23
Suppose -u - 182 = -2*u. Let s = -265 + u. Let r = -58 - s. List the prime factors of r.
5
Let b(l) = 12*l**2 - 2*l + 53. Let m be b(-12). Suppose -m = -5*j + 845. What are the prime factors of j?
2, 5, 53
Let c be (4/24*-3)/((-1)/40). What are the prime factors of 89/2*(c - 18)?
89
Let j(u) = -u**2 + 33*u - 186. Let y be j(9). What are the prime factors of (-15968)/(-28) + -1 + y/(-105)?
569
Let u = -165 - -166. Let t(r) = 210*r - 3. List the prime factors of t(u).
3, 23
Let o(m) = m**2 + 6*m - 39. Let b be o(8). List the prime factors of b + (-1)/2*6.
2, 5, 7
Let j(d) = -d**3 + 19*d**2 + 22*d - 33. Let b be j(20). Let s(t) = -t**3 + 7*t**2 - 17*t + 20. Let m be s(b). Let p = 284 + m. List the prime factors of p.
5, 37
Let t(h) = -13*h**3 + 7*h**2 - 52*h - 8. What are the prime factors of t(-14)?
2, 3, 1049
Let a be 6/2 - (6 - 2). Let v be (a - (-28)/12)*3. Suppose 0 = -4*d + v*p + 40, 0 = 4*d - 0*d + 2*p - 22. List the prime factors of d.
7
What are the prime factors of -2 + 3 - (3 - 1) - -13519?
2, 3, 751
Let t(y) = -y**3 + 51*y**2 - 140*y - 154. What are the prime factors of t(-29)?
2, 35593
Let m(s) = -6*s - 15. Let y be m(12). Let n = 165 - y. List the prime factors of n.
2, 3, 7
Let s(a) = 2*a**3 - 33*a**2 + 15*a + 29. Let f be s(16). What are the prime factors of 5 - (-19020)/78 - (-2)/f?
3, 83
Suppose 5*v + r + 6 + 175 = 0, 110 = -3*v - 2*r. Let p = 40 + v. What are the prime factors of p/20*417 + 6/10?
2, 3, 7
Let c(z) = -z**2 - 22*z + 28. Suppose -4*v + 36 = -5*s, 3*v - 6*v = s - 27. Let u(y) = -5*y + 29. Let m be u(v). What are the prime factors of c(m)?
2,